{"id":12,"date":"2015-05-23T12:11:27","date_gmt":"2015-05-23T10:11:27","guid":{"rendered":"http:\/\/panamericana-live.de\/?page_id=12"},"modified":"2015-05-24T04:49:59","modified_gmt":"2015-05-24T02:49:59","slug":"reisebekanntschaften","status":"publish","type":"page","link":"https:\/\/panamericana-live.de\/?page_id=12","title":{"rendered":"Reisebekanntschaften"},"content":{"rendered":"<p>W\u00e4hrend unserer Tour treffen wir viele Gleichgesinnte &#8211; egal ob mit dem Camper, dem Motorrad, dem Fahrrad oder Bus unterwegs. Es sind immer wieder sch\u00f6ne und interessante Begegnungen und es ist spannend zu sehen, wie die Reise f\u00fcr die anderen weitergeht. Verlinken k\u00f6nnen wir nat\u00fcrlich nur die, die etwas zu verlinken haben&#8230; \ud83d\ude09<\/p>\n<p><strong>Los cinco ocos: Tibor, Petra mit Tobias, David und der kleinen Paula<\/strong> (beim Zoll in Campana kennengelernt, September 2014, aus der N\u00e4he von Wien) erkunden mit ihrem Pickup S\u00fcdamerika: <a title=\"www.cinco-osos.blogspot.com\" href=\"http:\/\/www.cinco-osos.blogspot.com\" target=\"_blank\">www.cinco-osos.blogspot.com<\/a><\/p>\n<p><strong>Stephane, Sophie mit Jeanne und Louanne<\/strong> aus Lyon, auch eine Campana-Zollbekanntschaft, September 2014, touren die n\u00e4chsten 10 Monate durch S\u00fcdamerika: <a title=\"www.jealoutour.fr\" href=\"http:\/\/www.jealoutour.fr\" target=\"_blank\">www.jealoutour.fr<\/a><\/p>\n<p><strong>Udo und Petra<\/strong> aus Bayern, an der YPF-Tankstelle in Puerto San Juli\u00e1n, Oktober 2014 getroffen, bereisen S\u00fcd-, Zentral- und Nordamerika in einem Jahr: <a title=\"Petra und Udo\" href=\"http:\/\/petra-und-udo-unterwegs.blogspot.de\" target=\"_blank\">petra-und-udo-unterwegs.blogspot.de<\/a><\/p>\n<p><strong>Markus und Caro<\/strong>, an der YPF-Tankstelle in Gobernador Gregores Ende Oktober 2014 getroffen. Sie bereisen zusammen S\u00fcdamerika und bloggen unter: <a title=\"www.50centimos.com\" href=\"http:\/\/www.50centimos.com\" target=\"_blank\">www.50centimos.com<\/a>. Nochmals vielen Dank f\u00fcr eure Hilfe! \ud83d\ude42<\/p>\n<p><strong>Stijn und Julie<\/strong> aus Gent, Belgien, an der Laguna Cerja (auf dem Wasser treibend \ud83d\ude42 ) Anfang Dezember 2014 kennengelernt, reisen mit dem Rucksack durch S\u00fcdamerika: <a title=\"Stijn und Julie bei Twitter\" href=\"http:\/\/twitter.com\/stijnenjulie\" target=\"_blank\">twitter.com\/stijnenjulie<\/a><\/p>\n<p><strong>Margrit und Reinhard<\/strong> aus Lohausen, Deutschland, in Arequipa (Peru) im Dezember 2014 getroffen, reisen mit dem Landrover mit Absetzkabine durch S\u00fcdamerika: <a title=\"suedspitze2014.blogspot.com\" href=\"http:\/\/suedspitze2014.blogspot.com\" target=\"_blank\">suedspitze2014.blogspot.com<\/a><\/p>\n<p><strong>Springhunters: Max und Ale<\/strong> aus Deutschland, in Cusco im Dezember 2014 getroffen, sind mit dem Camper von S\u00fcd- nach Nordamerika unterwegs : <a title=\"www.springhunters.com\" href=\"http:\/\/www.springhunters.com\" target=\"_blank\">www.springhunters.com<\/a><\/p>\n<p><strong>Raphael und Veronique<\/strong> aus Frankreich, ebenfalls in Cusco im Dezember 2014 getroffen, sind mit ihren Kindern und dem Wohnmobil von S\u00fcdamerika nach Alaska unterwegs : <a title=\"ameriques-tousschuss.com\" href=\"http:\/\/ameriques-tousschuss.com\" target=\"_blank\">ameriques-tousschuss.com<\/a><\/p>\n<p><strong>Claudine und Ga\u00ebtan<\/strong> aus Wissant in Frankreich, im Dezember 2014 in Nasca kennengelernt, sind mit dem Wohnmobil in S\u00fcdamerika und der Welt unterwegs: <a title=\"sites.google.com\/site\/nosperiples\" href=\"https:\/\/sites.google.com\/site\/nosperiples\" target=\"_blank\">sites.google.com\/site\/nosperiples\/<\/a><\/p>\n<p><strong>Paul<\/strong> aus Nordirland ist mit dem Fahrrad unterwegs. Wir haben ihn im Januar 2015 in Lima getroffen: <a title=\"gap21.blogspot.com\" href=\"http:\/\/gap21.blogspot.com\" target=\"_blank\">gap21.blogspot.com\/<\/a><\/p>\n<p><strong>Daniel und Sylvia<\/strong> sind mit ihrem Motorrad auf der Panamerikana unterwegs. Getroffen haben wir die zwei aus Bern im Januar 2015 in Lima. Sie bloggen unter: <a title=\"la aventura panamericana\" href=\"http:\/\/laaventurapanamericana.blogspot.com\" target=\"_blank\">laaventurapanamericana.blogspot.com<\/a>.<\/p>\n<p><strong>Roland<\/strong> aus S\u00fcddeutschland, ebenfalls in Lima getroffen, ist mit seinem Motorrad von Halifax \u00fcber Alaska bis nach S\u00fcdamerika (und evtl. noch weiter) unterwegs: <a title=\"Five elements tour\" href=\"http:\/\/www.fiveelementstour.com\" target=\"_blank\">www.fiveelementstour.com<\/a><\/p>\n<p><strong>Rachel und George <\/strong>aus den USA reisen mit ihrem VW-Bus s\u00fcdw\u00e4rts bis Feuerland. Wir haben sie im Hitchhikers Backpackers in Lima im Januar 2015 kennen gelernt\u00a0<a href=\"http:\/\/www.southtonowhere.com\" target=\"_blank\">www.southtonowhere.com<\/a>.<\/p>\n<p><strong>Philipe und Silvana<\/strong> aus Olmu\u00e9 bzw. Limache in Chile \ud83d\ude09 reisen nach dem Motto: Headin&#8216; South. Im Netz sind sie zu finden unter <a title=\"1 seat 2 butts\" href=\"http:\/\/www.1seat2butts.com\" target=\"_blank\">www.1seat2butts.com<\/a> und <a title=\"1 seat 2 butts auf facebook\" href=\"http:\/\/facebook.com\/1seat2butts\" target=\"_blank\">facebook.com\/1seat2butts<\/a>.<\/p>\n<p><strong>Luisa und Graeme<\/strong>\u00a0aus S\u00fcdafrika sind mit ihren Kindern seit Jahren in S\u00fcdamerika mit Landrover und Dachzelt unterwegs &#8211; jetzt geht&#8217;s Richtung Norden: <a title=\"a2a expedition\" href=\"http:\/\/www.a2aexpedition.com\" target=\"_blank\">www.a2aexpedition.com<\/a> bzw. <a title=\"a2a expedition bei facebook\" href=\"http:\/\/facebook.com\/a2a.expedition\" target=\"_blank\">facebook.com\/a2a.expedition<\/a><\/p>\n<p><strong>Patrick und Belinda<\/strong> aus Australien, getroffen in Vilcabamba (Ecuador), durchqueren mit ihrem Motorrad Amerika von Norden nach S\u00fcden: <a title=\"www.horizonsunlimited.com\/tstories\/peck\" href=\"http:\/\/www.horizonsunlimited.com\/tstories\/peck\" target=\"_blank\">www.horizonsunlimited.com\/tstories\/peck<\/a><\/p>\n<p>In Ibarra (Ecuador) haben wir im M\u00e4rz 2015\u00a0<strong>Pierre<\/strong> <strong>und<\/strong> <strong>Monique<\/strong> aus S\u00fcdfrankreich kennengelernt, die schon seit 2012 S\u00fcdamerika bereisen:\u00a0<a title=\"www.lestroisameriques.blogspot.fr\" href=\"http:\/\/www.lestroisameriques.blogspot.fr\" target=\"_blank\">www.lestroisameriques.blogspot.fr<\/a><\/p>\n<p>Der erste S\u00fcdamerika-Reisende Kolumbianer, den wir in Kolumbien kennenlernen durften: <strong>Carlos<\/strong> f\u00e4hrt seit einigen Wochen mit dem Fahrrad in Richtung S\u00fcden und bloggt unter <a title=\"www.sudamericaenbici.co\" href=\"http:\/\/www.sudamericaenbici.co\" target=\"_blank\">www.sudamericaenbici.co<\/a>, getroffen in der Desierto Tatacoa im M\u00e4rz 2015.<\/p>\n<p>In Cartagena trauten wir unseren Augen nicht: Der australische <strong>MG Classic Car Club<\/strong> mit 7 sch\u00f6nen MGs Baujahr &#8217;69 stand in der Altstadt. Auch f\u00fcr sie ging es einen Tag sp\u00e4ter mit FerryXpress nach Panama. Die tourspezifische Clubwebseite ist zu finden unter <a title=\"MG Classic Car Club Australia\" href=\"http:\/\/mgpanamerica.mgcc.com.au\" target=\"_blank\">mgpanamerica.mgcc.com.au<\/a>.<\/p>\n<p>In Panama lernten wir im M\u00e4rz 2015 <strong>Claudia<\/strong> und <strong>Thomas<\/strong> aus M\u00fcnchen kennen: <a title=\"www.on-tour-again.blogspot.com\" href=\"http:\/\/www.on-tour-again.blogspot.com\" target=\"_blank\">www.on-tour-again.blogspot.com.<\/a><\/p>\n<p><strong>Colin<\/strong> und <strong>Carrie<\/strong> aus den USA, in Guatemala im April 2015 getroffen, schreiben die <a href=\"http:\/\/wakethedeaddiaries.com\" target=\"_blank\">Wake the Dead Diaries<\/a>!<\/p>\n<p><a href=\"http:\/\/lesmilav.canalblog.com\" target=\"_blank\">Les Milav&#8216; en tour<\/a>: <strong>Michel<\/strong> und <strong>Valentine<\/strong>\u00a0aus Montpellier, Frankreich, sind auf Weltreise. Wir haben sie\u00a0im Mai in San Crist\u00f3bal de las Casas kennengelernt.<\/p>\n<p>In Guanajuato trafen wir im Mai <strong>Jeff<\/strong> und <strong>Jahliele<\/strong> aus den Northwest Territories in Kanada, die mit ihrem Westfalia <a href=\"http:\/\/ohmydarlingcharlie.com\" target=\"_blank\">ohmydarlingcharlie.com<\/a>\u00a0reisen.<\/p>\n<h1>Schon vor der Reise getroffen:<\/h1>\n<p><strong>Lou und David<\/strong> (Septemer 2013 in Taiz\u00e9, Frankreich) aus den USA sind mit ihrem VW-Bus auf dem Weg durch Europa: <a title=\"www.mcwolfbytes.blogspot.com\" href=\"http:\/\/www.mcwolfbytes.blogspot.com\" target=\"_blank\">www.mcwolfbytes.blogspot.com<\/a><\/p>\n<p><strong>Martin und Eva<\/strong>, auch aus Ratingen, waren mit ihren Motorr\u00e4dern im Jahr 2009 von Stadtlohn nach S\u00fcdafrika unterwegs. Gebloggt haben sie unter <a title=\"www.afrikalive.net\" href=\"http:\/\/www.afrikalive.net\" target=\"_blank\">www.afrikalive.net<\/a>.<\/p>\n","protected":false},"excerpt":{"rendered":"<p>W\u00e4hrend unserer Tour treffen wir viele Gleichgesinnte &#8211; egal ob mit dem Camper, dem Motorrad, dem Fahrrad oder Bus unterwegs. Es sind immer wieder sch\u00f6ne und interessante Begegnungen und es ist spannend zu sehen, wie &hellip; <a href=\"https:\/\/panamericana-live.de\/?page_id=12\">Weiterlesen<\/a><\/p>\n","protected":false},"author":3,"featured_media":329,"parent":0,"menu_order":60,"comment_status":"closed","ping_status":"closed","template":"","meta":{"footnotes":""},"_links":{"self":[{"href":"https:\/\/panamericana-live.de\/index.php?rest_route=\/wp\/v2\/pages\/12"}],"collection":[{"href":"https:\/\/panamericana-live.de\/index.php?rest_route=\/wp\/v2\/pages"}],"about":[{"href":"https:\/\/panamericana-live.de\/index.php?rest_route=\/wp\/v2\/types\/page"}],"author":[{"embeddable":true,"href":"https:\/\/panamericana-live.de\/index.php?rest_route=\/wp\/v2\/users\/3"}],"replies":[{"embeddable":true,"href":"https:\/\/panamericana-live.de\/index.php?rest_route=%2Fwp%2Fv2%2Fcomments&post=12"}],"version-history":[{"count":34,"href":"https:\/\/panamericana-live.de\/index.php?rest_route=\/wp\/v2\/pages\/12\/revisions"}],"predecessor-version":[{"id":1893,"href":"https:\/\/panamericana-live.de\/index.php?rest_route=\/wp\/v2\/pages\/12\/revisions\/1893"}],"wp:featuredmedia":[{"embeddable":true,"href":"https:\/\/panamericana-live.de\/index.php?rest_route=\/wp\/v2\/media\/329"}],"wp:attachment":[{"href":"https:\/\/panamericana-live.de\/index.php?rest_route=%2Fwp%2Fv2%2Fmedia&parent=12"}],"curies":[{"name":"wp","href":"https:\/\/api.w.org\/{rel}","templated":true}]}}

<p>Während unserer Tour treffen wir viele Gleichgesinnte &#8211; egal ob mit dem Camper, dem Motorrad, dem Fahrrad oder Bus unterwegs. Es sind immer wieder schöne und interessante Begegnungen und es ist spannend zu sehen, wie die Reise für die anderen weitergeht. Verlinken können wir natürlich nur die, die etwas zu verlinken haben&#8230; 😉</p>
<p><strong>Los cinco ocos: Tibor, Petra mit Tobias, David und der kleinen Paula</strong> (beim Zoll in Campana kennengelernt, September 2014, aus der Nähe von Wien) erkunden mit ihrem Pickup Südamerika: <a title="www.cinco-osos.blogspot.com" href="http://www.cinco-osos.blogspot.com" target="_blank">www.cinco-osos.blogspot.com</a></p>
<p><strong>Stephane, Sophie mit Jeanne und Louanne</strong> aus Lyon, auch eine Campana-Zollbekanntschaft, September 2014, touren die nächsten 10 Monate durch Südamerika: <a title="www.jealoutour.fr" href="http://www.jealoutour.fr" target="_blank">www.jealoutour.fr</a></p>
<p><strong>Udo und Petra</strong> aus Bayern, an der YPF-Tankstelle in Puerto San Julián, Oktober 2014 getroffen, bereisen Süd-, Zentral- und Nordamerika in einem Jahr: <a title="Petra und Udo" href="http://petra-und-udo-unterwegs.blogspot.de" target="_blank">petra-und-udo-unterwegs.blogspot.de</a></p>
<p><strong>Markus und Caro</strong>, an der YPF-Tankstelle in Gobernador Gregores Ende Oktober 2014 getroffen. Sie bereisen zusammen Südamerika und bloggen unter: <a title="www.50centimos.com" href="http://www.50centimos.com" target="_blank">www.50centimos.com</a>. Nochmals vielen Dank für eure Hilfe! 🙂</p>
<p><strong>Stijn und Julie</strong> aus Gent, Belgien, an der Laguna Cerja (auf dem Wasser treibend 🙂 ) Anfang Dezember 2014 kennengelernt, reisen mit dem Rucksack durch Südamerika: <a title="Stijn und Julie bei Twitter" href="http://twitter.com/stijnenjulie" target="_blank">twitter.com/stijnenjulie</a></p>
<p><strong>Margrit und Reinhard</strong> aus Lohausen, Deutschland, in Arequipa (Peru) im Dezember 2014 getroffen, reisen mit dem Landrover mit Absetzkabine durch Südamerika: <a title="suedspitze2014.blogspot.com" href="http://suedspitze2014.blogspot.com" target="_blank">suedspitze2014.blogspot.com</a></p>
<p><strong>Springhunters: Max und Ale</strong> aus Deutschland, in Cusco im Dezember 2014 getroffen, sind mit dem Camper von Süd- nach Nordamerika unterwegs : <a title="www.springhunters.com" href="http://www.springhunters.com" target="_blank">www.springhunters.com</a></p>
<p><strong>Raphael und Veronique</strong> aus Frankreich, ebenfalls in Cusco im Dezember 2014 getroffen, sind mit ihren Kindern und dem Wohnmobil von Südamerika nach Alaska unterwegs : <a title="ameriques-tousschuss.com" href="http://ameriques-tousschuss.com" target="_blank">ameriques-tousschuss.com</a></p>
<p><strong>Claudine und Gaëtan</strong> aus Wissant in Frankreich, im Dezember 2014 in Nasca kennengelernt, sind mit dem Wohnmobil in Südamerika und der Welt unterwegs: <a title="sites.google.com/site/nosperiples" href="https://sites.google.com/site/nosperiples" target="_blank">sites.google.com/site/nosperiples/</a></p>
<p><strong>Paul</strong> aus Nordirland ist mit dem Fahrrad unterwegs. Wir haben ihn im Januar 2015 in Lima getroffen: <a title="gap21.blogspot.com" href="http://gap21.blogspot.com" target="_blank">gap21.blogspot.com/</a></p>
<p><strong>Daniel und Sylvia</strong> sind mit ihrem Motorrad auf der Panamerikana unterwegs. Getroffen haben wir die zwei aus Bern im Januar 2015 in Lima. Sie bloggen unter: <a title="la aventura panamericana" href="http://laaventurapanamericana.blogspot.com" target="_blank">laaventurapanamericana.blogspot.com</a>.</p>
<p><strong>Roland</strong> aus Süddeutschland, ebenfalls in Lima getroffen, ist mit seinem Motorrad von Halifax über Alaska bis nach Südamerika (und evtl. noch weiter) unterwegs: <a title="Five elements tour" href="http://www.fiveelementstour.com" target="_blank">www.fiveelementstour.com</a></p>
<p><strong>Rachel und George </strong>aus den USA reisen mit ihrem VW-Bus südwärts bis Feuerland. Wir haben sie im Hitchhikers Backpackers in Lima im Januar 2015 kennen gelernt <a href="http://www.southtonowhere.com" target="_blank">www.southtonowhere.com</a>.</p>
<p><strong>Philipe und Silvana</strong> aus Olmué bzw. Limache in Chile 😉 reisen nach dem Motto: Headin&#8216; South. Im Netz sind sie zu finden unter <a title="1 seat 2 butts" href="http://www.1seat2butts.com" target="_blank">www.1seat2butts.com</a> und <a title="1 seat 2 butts auf facebook" href="http://facebook.com/1seat2butts" target="_blank">facebook.com/1seat2butts</a>.</p>
<p><strong>Luisa und Graeme</strong> aus Südafrika sind mit ihren Kindern seit Jahren in Südamerika mit Landrover und Dachzelt unterwegs &#8211; jetzt geht&#8217;s Richtung Norden: <a title="a2a expedition" href="http://www.a2aexpedition.com" target="_blank">www.a2aexpedition.com</a> bzw. <a title="a2a expedition bei facebook" href="http://facebook.com/a2a.expedition" target="_blank">facebook.com/a2a.expedition</a></p>
<p><strong>Patrick und Belinda</strong> aus Australien, getroffen in Vilcabamba (Ecuador), durchqueren mit ihrem Motorrad Amerika von Norden nach Süden: <a title="www.horizonsunlimited.com/tstories/peck" href="http://www.horizonsunlimited.com/tstories/peck" target="_blank">www.horizonsunlimited.com/tstories/peck</a></p>
<p>In Ibarra (Ecuador) haben wir im März 2015 <strong>Pierre</strong> <strong>und</strong> <strong>Monique</strong> aus Südfrankreich kennengelernt, die schon seit 2012 Südamerika bereisen: <a title="www.lestroisameriques.blogspot.fr" href="http://www.lestroisameriques.blogspot.fr" target="_blank">www.lestroisameriques.blogspot.fr</a></p>
<p>Der erste Südamerika-Reisende Kolumbianer, den wir in Kolumbien kennenlernen durften: <strong>Carlos</strong> fährt seit einigen Wochen mit dem Fahrrad in Richtung Süden und bloggt unter <a title="www.sudamericaenbici.co" href="http://www.sudamericaenbici.co" target="_blank">www.sudamericaenbici.co</a>, getroffen in der Desierto Tatacoa im März 2015.</p>
<p>In Cartagena trauten wir unseren Augen nicht: Der australische <strong>MG Classic Car Club</strong> mit 7 schönen MGs Baujahr &#8217;69 stand in der Altstadt. Auch für sie ging es einen Tag später mit FerryXpress nach Panama. Die tourspezifische Clubwebseite ist zu finden unter <a title="MG Classic Car Club Australia" href="http://mgpanamerica.mgcc.com.au" target="_blank">mgpanamerica.mgcc.com.au</a>.</p>
<p>In Panama lernten wir im März 2015 <strong>Claudia</strong> und <strong>Thomas</strong> aus München kennen: <a title="www.on-tour-again.blogspot.com" href="http://www.on-tour-again.blogspot.com" target="_blank">www.on-tour-again.blogspot.com.</a></p>
<p><strong>Colin</strong> und <strong>Carrie</strong> aus den USA, in Guatemala im April 2015 getroffen, schreiben die <a href="http://wakethedeaddiaries.com" target="_blank">Wake the Dead Diaries</a>!</p>
<p><a href="http://lesmilav.canalblog.com" target="_blank">Les Milav&#8216; en tour</a>: <strong>Michel</strong> und <strong>Valentine</strong> aus Montpellier, Frankreich, sind auf Weltreise. Wir haben sie im Mai in San Cristóbal de las Casas kennengelernt.</p>
<p>In Guanajuato trafen wir im Mai <strong>Jeff</strong> und <strong>Jahliele</strong> aus den Northwest Territories in Kanada, die mit ihrem Westfalia <a href="http://ohmydarlingcharlie.com" target="_blank">ohmydarlingcharlie.com</a> reisen.</p>
<h1>Schon vor der Reise getroffen:</h1>
<p><strong>Lou und David</strong> (Septemer 2013 in Taizé, Frankreich) aus den USA sind mit ihrem VW-Bus auf dem Weg durch Europa: <a title="www.mcwolfbytes.blogspot.com" href="http://www.mcwolfbytes.blogspot.com" target="_blank">www.mcwolfbytes.blogspot.com</a></p>
<p><strong>Martin und Eva</strong>, auch aus Ratingen, waren mit ihren Motorrädern im Jahr 2009 von Stadtlohn nach Südafrika unterwegs. Gebloggt haben sie unter <a title="www.afrikalive.net" href="http://www.afrikalive.net" target="_blank">www.afrikalive.net</a>.</p>

<p>Während unserer Tour treffen wir viele Gleichgesinnte &#8211; egal ob mit dem Camper, dem Motorrad, dem Fahrrad oder Bus unterwegs. Es sind immer wieder schöne und interessante Begegnungen und es ist spannend zu sehen, wie &hellip; <a href="https://panamericana-live.de/?page_id=12">Weiterlesen</a></p>
