{"id":182,"date":"2014-08-02T19:53:55","date_gmt":"2014-08-02T17:53:55","guid":{"rendered":"http:\/\/panamericana-live.de\/?page_id=182"},"modified":"2014-09-16T23:21:06","modified_gmt":"2014-09-16T21:21:06","slug":"182-2","status":"publish","type":"page","link":"https:\/\/panamericana-live.de\/?page_id=182","title":{"rendered":"Appetizer"},"content":{"rendered":"<h1>B\u00fccher<\/h1>\n<h2>Panamericana<\/h2>\n<p><a href=\"http:\/\/www.buchhandlung-ratingen.de\/\/shop\/item\/9783765455391\"><img loading=\"lazy\" decoding=\"async\" class=\"alignleft\" src=\"http:\/\/medien.ubitweb.de\/bildzentrale\/978\/376\/545\/5391.jpg\" alt=\"Quelle: Altstadtbuchhandlung Ratingen: Onlineshop\" width=\"100\" height=\"126\" \/><\/a>Das Buch von Wolfgang R. Weber, Friedrich Horlacher und Susanne Asal war unser erstes &#8222;Schriftst\u00fcck&#8220; zur Reise und hat so richtig Lust auf die weiteren Planungen gemacht. Tolle Fotos und unterhalsame und kurzweilige Geschichten erg\u00e4nzen sich hervorragend.<br \/>\nZu beschaffen unter der ISBN 978-3-7654-5539-1 \u00fcber jede lokale Buchhandlung (oder auch <a title=\"Altstadtbuchhandlung Ratingen: Onlineshop\" href=\"http:\/\/www.buchhandlung-ratingen.de\/\/shop\/item\/9783765455391\" target=\"_blank\">online<\/a>).<\/p>\n<h1>Videos und Fernsehberichte:<\/h1>\n<h2>SRF, 2013: Panamericana: Von Alaska nach Feuerland mit Reto Brennwald<\/h2>\n<p>Die DOK- Serie \u00abPanamericana\u00bb erlebt eine Neuauflage. SFR1 zeigt noch einmal die Highlights dieses Abenteuers entlang der Traumstrasse durch den amerikanischen Kontinent. Was im Herbst 2011 in sieben Folgen zu sehen war, ist jetzt Gegenstand eines 90min\u00fctigen DOK-Films.<br \/>\n<iframe loading=\"lazy\" src=\"\/\/www.youtube-nocookie.com\/embed\/_fy3gB2hUZc?rel=0\" width=\"560\" height=\"315\" frameborder=\"0\" allowfullscreen=\"allowfullscreen\"><\/iframe><\/p>\n<h2>3sat, 2011: S\u00fcdamerika extrem &#8211; Mit dem Motorrad durch Peru, Bolivien und Chile<\/h2>\n<p>Der verr\u00fcckteste Erfinder S\u00fcdamerikas, die h\u00f6chste Sandd\u00fcne der Welt, der h\u00f6chstgelegenste See, die gef\u00e4hrlichste Stra\u00dfe, die trockenste W\u00fcste, das abgelegenste Landgut im chilenischen Feuerland: Es ist eine Reise der Extreme, die Thomas Aders und sein Team durch S\u00fcdamerika f\u00fchrt, \u00fcber 8.000 Kilometer von Peru \u00fcber Bolivien bis nach Chile&#8230;<br \/>\n<a href=\"http:\/\/www.3sat.de\/page\/?source=\/ard\/sendung\/153419\/index.html\" target=\"_blank\"><img loading=\"lazy\" decoding=\"async\" class=\"alignnone\" src=\"http:\/\/www.3sat.de\/imperia\/md\/images\/partnersender\/ard\/2011\/04_april\/suedamerika_extrem09_481x270.jpg\" alt=\"\" width=\"480\" height=\"270\" \/><\/a><\/p>\n<h2>NDR, 2011: Abenteuer Panamericana<\/h2>\n<p>Der 5-teiliger Film von Silke Gondolf und Thorsten Niemann wurde 2011 f\u00fcr den NDR produziert und ist durchaus sehenswert. Aus der 6-monatigen Reise sind insgesamt 225 Filmminuten entstanden, die in 5 Teilen gezeigt werden. Online ist er leider nicht zu sehen, wird aber immer wieder in einem der \u00f6ffentlich-rechtlichen Programme (ARD, NDR, WDR, etc.) ausgestrahlt. \u00dcber die Internetseite <a title=\"www.wunschliste.de: Abenteuer Panamericana\" href=\"http:\/\/www.wunschliste.de\/serie\/abenteuer-panamericana\" target=\"_blank\">www.wunschliste.de<\/a> kann man sich \u00fcber neue Austrahlungstermine benachrichtigen lassen.<\/p>\n","protected":false},"excerpt":{"rendered":"<p>B\u00fccher Panamericana Das Buch von Wolfgang R. Weber, Friedrich Horlacher und Susanne Asal war unser erstes &#8222;Schriftst\u00fcck&#8220; zur Reise und hat so richtig Lust auf die weiteren Planungen gemacht. Tolle Fotos und unterhalsame und kurzweilige &hellip; <a href=\"https:\/\/panamericana-live.de\/?page_id=182\">Weiterlesen<\/a><\/p>\n","protected":false},"author":1,"featured_media":309,"parent":4,"menu_order":0,"comment_status":"open","ping_status":"open","template":"","meta":{"footnotes":""},"_links":{"self":[{"href":"https:\/\/panamericana-live.de\/index.php?rest_route=\/wp\/v2\/pages\/182"}],"collection":[{"href":"https:\/\/panamericana-live.de\/index.php?rest_route=\/wp\/v2\/pages"}],"about":[{"href":"https:\/\/panamericana-live.de\/index.php?rest_route=\/wp\/v2\/types\/page"}],"author":[{"embeddable":true,"href":"https:\/\/panamericana-live.de\/index.php?rest_route=\/wp\/v2\/users\/1"}],"replies":[{"embeddable":true,"href":"https:\/\/panamericana-live.de\/index.php?rest_route=%2Fwp%2Fv2%2Fcomments&post=182"}],"version-history":[{"count":10,"href":"https:\/\/panamericana-live.de\/index.php?rest_route=\/wp\/v2\/pages\/182\/revisions"}],"predecessor-version":[{"id":363,"href":"https:\/\/panamericana-live.de\/index.php?rest_route=\/wp\/v2\/pages\/182\/revisions\/363"}],"up":[{"embeddable":true,"href":"https:\/\/panamericana-live.de\/index.php?rest_route=\/wp\/v2\/pages\/4"}],"wp:featuredmedia":[{"embeddable":true,"href":"https:\/\/panamericana-live.de\/index.php?rest_route=\/wp\/v2\/media\/309"}],"wp:attachment":[{"href":"https:\/\/panamericana-live.de\/index.php?rest_route=%2Fwp%2Fv2%2Fmedia&parent=182"}],"curies":[{"name":"wp","href":"https:\/\/api.w.org\/{rel}","templated":true}]}}